{"id":7670,"date":"2023-12-17T16:17:07","date_gmt":"2023-12-17T15:17:07","guid":{"rendered":"https:\/\/clg-bastie-velizy.ac-versailles.fr\/?page_id=7670"},"modified":"2023-12-17T16:30:27","modified_gmt":"2023-12-17T15:30:27","slug":"presentation","status":"publish","type":"page","link":"https:\/\/clg-bastie-velizy.ac-versailles.fr\/?page_id=7670","title":{"rendered":"Pr\u00e9sentation aux 6\u00e8mes"},"content":{"rendered":"<p>Voici une pr\u00e9sentation du coll\u00e8ge Maryse Basti\u00e9.<\/p>\n<p style=\"text-align: center\"><span style=\"text-align: center\"><iframe src=\"\/\/docs.google.com\/viewer?url=https%3A%2F%2Fclg-bastie-velizy.ac-versailles.fr%2Fwp-content%2Fuploads%2Fsites%2F174%2F2020%2F06%2FPr%C3%A9sentation-du-coll%C3%A8ge-aux-futurs-%C3%A9l%C3%A8ves-et-parents-de-6%C3%A8me.pdf&hl=&embedded=true\" class=\"gde-frame\" style=\"width:; height:; border: none;\" scrolling=\"no\"><\/iframe>\n<\/span><\/p>\n","protected":false},"excerpt":{"rendered":"<p>Voici une pr\u00e9sentation du coll\u00e8ge Maryse Basti\u00e9.<\/p>\n","protected":false},"author":1127,"featured_media":0,"parent":0,"menu_order":0,"comment_status":"closed","ping_status":"closed","template":"","meta":{"footnotes":""},"class_list":["post-7670","page","type-page","status-publish","hentry"],"_links":{"self":[{"href":"https:\/\/clg-bastie-velizy.ac-versailles.fr\/index.php?rest_route=\/wp\/v2\/pages\/7670","targetHints":{"allow":["GET"]}}],"collection":[{"href":"https:\/\/clg-bastie-velizy.ac-versailles.fr\/index.php?rest_route=\/wp\/v2\/pages"}],"about":[{"href":"https:\/\/clg-bastie-velizy.ac-versailles.fr\/index.php?rest_route=\/wp\/v2\/types\/page"}],"author":[{"embeddable":true,"href":"https:\/\/clg-bastie-velizy.ac-versailles.fr\/index.php?rest_route=\/wp\/v2\/users\/1127"}],"replies":[{"embeddable":true,"href":"https:\/\/clg-bastie-velizy.ac-versailles.fr\/index.php?rest_route=%2Fwp%2Fv2%2Fcomments&post=7670"}],"version-history":[{"count":2,"href":"https:\/\/clg-bastie-velizy.ac-versailles.fr\/index.php?rest_route=\/wp\/v2\/pages\/7670\/revisions"}],"predecessor-version":[{"id":7680,"href":"https:\/\/clg-bastie-velizy.ac-versailles.fr\/index.php?rest_route=\/wp\/v2\/pages\/7670\/revisions\/7680"}],"wp:attachment":[{"href":"https:\/\/clg-bastie-velizy.ac-versailles.fr\/index.php?rest_route=%2Fwp%2Fv2%2Fmedia&parent=7670"}],"curies":[{"name":"wp","href":"https:\/\/api.w.org\/{rel}","templated":true}]}}