{"id":293,"date":"2017-06-30T15:18:34","date_gmt":"2017-06-30T13:18:34","guid":{"rendered":"http:\/\/www.clg-bastie-velizy.ac-versailles.fr\/?page_id=293"},"modified":"2018-02-06T09:59:15","modified_gmt":"2018-02-06T08:59:15","slug":"atelier-vdm-vente-distribution-magasinage","status":"publish","type":"page","link":"https:\/\/clg-bastie-velizy.ac-versailles.fr\/?page_id=293","title":{"rendered":"Atelier VDL (Vente Distribution Logistique)"},"content":{"rendered":"<p style=\"text-align: justify\">Le champ \u00ab Vente Distribution\u00a0Logistique \u00bb vise \u00e0 faire acqu\u00e9rir aux \u00e9l\u00e8ves des comp\u00e9tences transversales relevant d\u2019activit\u00e9s appartenant aux deux domaines compl\u00e9mentaires que sont :<\/p>\n<ul style=\"list-style-type: disc\">\n<li style=\"text-align: justify\">la Vente : tenue et pr\u00e9sentation marchande de lin\u00e9aire ; activit\u00e9s li\u00e9es \u00e0 la vente ; tenue du poste \u00ab caisse \u00bb ;<\/li>\n<li style=\"text-align: justify\">la Logistique : r\u00e9ception, stockage, pr\u00e9paration des commandes et exp\u00e9dition.<\/li>\n<\/ul>\n<p style=\"text-align: justify\">L\u2019objectif en SEGPA ne vise pas \u00e0 qualifier les \u00e9l\u00e8ves mais \u00e0 les aider \u00e0 construire un projet de formation\u00a0en fonction de leurs go\u00fbts et de leurs aptitudes. Pour atteindre cet objectif il convient donc de leur\u00a0permettre de d\u00e9couvrir des activit\u00e9s professionnelles de r\u00e9f\u00e9rence afin d\u2019appr\u00e9hender la r\u00e9alit\u00e9 des\u00a0m\u00e9tiers et de l\u2019environnement \u00e9conomique et social.<\/p>\n<table style=\"height: 92px\" width=\"676\">\n<tbody>\n<tr>\n<td style=\"width: 330px;text-align: center\" colspan=\"2\">Activit\u00e9s de r\u00e9f\u00e9rence<\/td>\n<\/tr>\n<tr>\n<td style=\"width: 330px;text-align: center\">Vente<\/td>\n<td style=\"width: 330px;text-align: center\">Logistique\/Distribution<\/td>\n<\/tr>\n<tr>\n<td style=\"width: 330px;text-align: justify\">\n<ul style=\"list-style-type: circle\">\n<li>Approvisionner le rayon : transfert des produits de la r\u00e9serve aux rayons, rangement, remplissage des rayons, stocks.<\/li>\n<li>\u00c9tiqueter les produits.<\/li>\n<li>Mettre en valeur les produits.<\/li>\n<li>Appliquer les r\u00e8gles d\u2019hygi\u00e8ne et de conservation des produits.<\/li>\n<li>Maintenir le rayon en \u00e9tat de propret\u00e9.<\/li>\n<li>G\u00e9rer les stocks.<\/li>\n<li>Mettre en \u0153uvre une d\u00e9marche de vente (accueil des clients,\u00a0recherche des besoins, argumentation, conclusion de la vente,\u00a0documents de vente).<\/li>\n<li>Encaisser et tenir la caisse.<\/li>\n<li>Participer \u00e0 la promotion des ventes.<\/li>\n<li>Mettre en \u0153uvre une d\u00e9marche de s\u00e9curit\u00e9 (des biens et des\u00a0<span style=\"font-family: inherit;font-size: inherit\">personnes).<\/span><\/li>\n<\/ul>\n<\/td>\n<td style=\"width: 330px;text-align: justify\">\n<ul style=\"list-style-type: circle\">\n<li>D\u00e9charger et r\u00e9ceptionner des marchandises.<\/li>\n<li>Grouper-d\u00e9grouper, entreposer les marchandises (tri, orientation, codification, rangement physique des produits).<\/li>\n<li>G\u00e9rer les stocks (saisie des quantit\u00e9s, comptage, maintien en \u00e9tat).<\/li>\n<li>Pr\u00e9parer les commandes clients (prise en charge de la commande, d\u00e9stockage, acheminement vers la zone de conditionnement).<\/li>\n<li>Manutentionner.<\/li>\n<li>Exp\u00e9dier, charger, participer \u00e0 la mise \u00e0 disposition des produits.<\/li>\n<li>Mettre en \u0153uvre une d\u00e9marche de s\u00e9curit\u00e9 (prise en compte des r\u00e8gles relatives \u00e0 la s\u00e9curit\u00e9 des locaux, des \u00e9quipements et des produits, respect des consignes relatives aux gestes et postures de travail)<\/li>\n<\/ul>\n<\/td>\n<\/tr>\n<\/tbody>\n<\/table>\n<p>&nbsp;<\/p>\n","protected":false},"excerpt":{"rendered":"<p>Le champ \u00ab Vente Distribution\u00a0Logistique \u00bb vise \u00e0 faire acqu\u00e9rir aux \u00e9l\u00e8ves des comp\u00e9tences transversales relevant d\u2019activit\u00e9s appartenant aux deux domaines compl\u00e9mentaires que sont : la Vente : tenue et pr\u00e9sentation marchande de lin\u00e9aire ; activit\u00e9s li\u00e9es \u00e0 la vente ; tenue du poste \u00ab caisse \u00bb ; la Logistique : r\u00e9ception, stockage, pr\u00e9paration des [&hellip;]<\/p>\n","protected":false},"author":2,"featured_media":0,"parent":0,"menu_order":0,"comment_status":"closed","ping_status":"closed","template":"","meta":{"footnotes":""},"class_list":["post-293","page","type-page","status-publish","hentry"],"_links":{"self":[{"href":"https:\/\/clg-bastie-velizy.ac-versailles.fr\/index.php?rest_route=\/wp\/v2\/pages\/293","targetHints":{"allow":["GET"]}}],"collection":[{"href":"https:\/\/clg-bastie-velizy.ac-versailles.fr\/index.php?rest_route=\/wp\/v2\/pages"}],"about":[{"href":"https:\/\/clg-bastie-velizy.ac-versailles.fr\/index.php?rest_route=\/wp\/v2\/types\/page"}],"author":[{"embeddable":true,"href":"https:\/\/clg-bastie-velizy.ac-versailles.fr\/index.php?rest_route=\/wp\/v2\/users\/2"}],"replies":[{"embeddable":true,"href":"https:\/\/clg-bastie-velizy.ac-versailles.fr\/index.php?rest_route=%2Fwp%2Fv2%2Fcomments&post=293"}],"version-history":[{"count":6,"href":"https:\/\/clg-bastie-velizy.ac-versailles.fr\/index.php?rest_route=\/wp\/v2\/pages\/293\/revisions"}],"predecessor-version":[{"id":2521,"href":"https:\/\/clg-bastie-velizy.ac-versailles.fr\/index.php?rest_route=\/wp\/v2\/pages\/293\/revisions\/2521"}],"wp:attachment":[{"href":"https:\/\/clg-bastie-velizy.ac-versailles.fr\/index.php?rest_route=%2Fwp%2Fv2%2Fmedia&parent=293"}],"curies":[{"name":"wp","href":"https:\/\/api.w.org\/{rel}","templated":true}]}}