{"id":274,"date":"2017-06-30T12:08:07","date_gmt":"2017-06-30T10:08:07","guid":{"rendered":"http:\/\/www.clg-bastie-velizy.ac-versailles.fr\/?page_id=274"},"modified":"2024-10-17T11:50:49","modified_gmt":"2024-10-17T09:50:49","slug":"equipes-du-college","status":"publish","type":"page","link":"https:\/\/clg-bastie-velizy.ac-versailles.fr\/?page_id=274","title":{"rendered":"\u00c9quipes du coll\u00e8ge"},"content":{"rendered":"<h3 style=\"text-align: justify\"><strong>Direction<\/strong><\/h3>\n<p style=\"text-align: justify\">Mme GERARD : Cheffe d\u2019\u00e9tablissement &#8211; Principale<\/p>\n<p style=\"text-align: justify\">Mme CUIROT : Cheffe d\u2019\u00e9tablissement adjointe &#8211; Principale adjointe<\/p>\n<p>Mme FOURNIER et M. GARDIAN\u00a0 : Secr\u00e9taires<\/p>\n<h3 style=\"text-align: justify\"><strong>Chefs de service<\/strong><\/h3>\n<p style=\"text-align: justify\">Mme NASSIRI : Adjointe-Gestionnaire<\/p>\n<p style=\"text-align: justify\">M. GIDEL : Directeur de la SEGPA (Section d&#8217;<a href=\"https:\/\/clg-bastie-velizy.ac-versailles.fr\/?page_id=288\">Enseignement G\u00e9n\u00e9ral et Professionnel Adapt\u00e9<\/a>)<\/p>\n<p style=\"text-align: justify\">M. CRITICOS : CPE (Conseiller Principal d\u2019Education)<\/p>\n<h3 style=\"text-align: justify\"><strong>Professeur(e)s<\/strong><\/h3>\n<p style=\"text-align: justify\">38 professeurs de coll\u00e8ge et lyc\u00e9e<\/p>\n<p style=\"text-align: justify\">3 professeurs des \u00e9coles sp\u00e9cialis\u00e9s<\/p>\n<p style=\"text-align: justify\">2 professeurs de lyc\u00e9e professionnel<\/p>\n<h3 style=\"text-align: justify\"><strong>Vie Scolaire<\/strong><\/h3>\n<p style=\"text-align: justify\">1 assistant(e) p\u00e9dagogique<\/p>\n<p style=\"text-align: justify\">5 assistant(e)s d\u2019\u00e9ducation<\/p>\n<p style=\"text-align: justify\">2 AESH (Auxiliaires de Vie Scolaire)<\/p>\n<h3 style=\"text-align: justify\"><strong>Accueil, maintenance, restauration scolaire et nettoyage<\/strong><\/h3>\n<p>Mme ABELLI : Agent d&#8217;Accueil<\/p>\n<p style=\"text-align: justify\">M. RONCAJOLI : Chef cuisinier (C&#8217;Midy)<\/p>\n<p>M. RAMOU : Agent de maintenance<\/p>\n<p style=\"text-align: justify\">Une \u00e9quipe d&#8217;agents de service et de nettoyage (C&#8217;Midy)<\/p>\n","protected":false},"excerpt":{"rendered":"<p>Direction Mme GERARD : Cheffe d\u2019\u00e9tablissement &#8211; Principale Mme CUIROT : Cheffe d\u2019\u00e9tablissement adjointe &#8211; Principale adjointe Mme FOURNIER et M. GARDIAN\u00a0 : Secr\u00e9taires Chefs de service Mme NASSIRI : Adjointe-Gestionnaire M. GIDEL : Directeur de la SEGPA (Section d&#8217;Enseignement G\u00e9n\u00e9ral et Professionnel Adapt\u00e9) M. CRITICOS : CPE (Conseiller Principal d\u2019Education) Professeur(e)s 38 professeurs de [&hellip;]<\/p>\n","protected":false},"author":2,"featured_media":855,"parent":0,"menu_order":0,"comment_status":"closed","ping_status":"closed","template":"","meta":{"footnotes":""},"class_list":["post-274","page","type-page","status-publish","has-post-thumbnail","hentry"],"_links":{"self":[{"href":"https:\/\/clg-bastie-velizy.ac-versailles.fr\/index.php?rest_route=\/wp\/v2\/pages\/274","targetHints":{"allow":["GET"]}}],"collection":[{"href":"https:\/\/clg-bastie-velizy.ac-versailles.fr\/index.php?rest_route=\/wp\/v2\/pages"}],"about":[{"href":"https:\/\/clg-bastie-velizy.ac-versailles.fr\/index.php?rest_route=\/wp\/v2\/types\/page"}],"author":[{"embeddable":true,"href":"https:\/\/clg-bastie-velizy.ac-versailles.fr\/index.php?rest_route=\/wp\/v2\/users\/2"}],"replies":[{"embeddable":true,"href":"https:\/\/clg-bastie-velizy.ac-versailles.fr\/index.php?rest_route=%2Fwp%2Fv2%2Fcomments&post=274"}],"version-history":[{"count":11,"href":"https:\/\/clg-bastie-velizy.ac-versailles.fr\/index.php?rest_route=\/wp\/v2\/pages\/274\/revisions"}],"predecessor-version":[{"id":8391,"href":"https:\/\/clg-bastie-velizy.ac-versailles.fr\/index.php?rest_route=\/wp\/v2\/pages\/274\/revisions\/8391"}],"wp:featuredmedia":[{"embeddable":true,"href":"https:\/\/clg-bastie-velizy.ac-versailles.fr\/index.php?rest_route=\/wp\/v2\/media\/855"}],"wp:attachment":[{"href":"https:\/\/clg-bastie-velizy.ac-versailles.fr\/index.php?rest_route=%2Fwp%2Fv2%2Fmedia&parent=274"}],"curies":[{"name":"wp","href":"https:\/\/api.w.org\/{rel}","templated":true}]}}